i(20) is divided by 18.
14
Suppose 3276 = 224*d - 308. What is the remainder when 273 is divided by d?
1
Let x(q) = -7*q - 30. Let g be x(-5). What is the remainder when 160 is divided by g*(-8)/(-20) - -39?
37
Let j = -8 - -139. Let b = 81 - 48. Suppose b = -x + j. What is the remainder when x is divided by 33?
32
Let d(n) = -n**3 - 4*n**2 - 5*n - 14. Let o be d(-4). Suppose 0 = -o*y - 4*y + 110. Calculate the remainder when y is divided by 7.
4
Suppose 5*s - 132 = -4*t + 29, 2*s - 80 = -2*t. Calculate the remainder when 146 is divided by t.
29
Suppose -287 = -3*u - 2*f, 73*f + 4 = 71*f. Calculate the remainder when u is divided by 84.
13
Suppose -271*k + 165*k - 234960 = -166*k. Calculate the remainder when k is divided by 56.
52
Suppose -4*b + 173 + 23 = 0. Suppose -5*q + 41 = 3*l, -2*l - b = -4*q + l. Let r(n) = n**3 - 3*n**2 - n + 2. Calculate the remainder when r(5) is divided by q.
7
Let s(k) be the first derivative of 7/2*k**2 + 22 + 3*k + 2*k**3. Calculate the remainder when s(-3) is divided by 19.
17
Suppose x - 597 = 5*o, -2901 = -2*x - 3*x - 3*o. Suppose 776 = 7*v - x. Calculate the remainder when v is divided by 15.
14
Let j = 29122 - 27831. Calculate the remainder when j is divided by 637.
17
Let n(g) = -56*g - 31. Let x(f) = 15*f**2 + 6*f + 33. What is the remainder when x(-4) is divided by n(-1)?
24
Suppose -3*p + 2*c + 136 = 7*c, 3*p - 148 = -2*c. Let a = 399 - 385. Calculate the remainder when p is divided by a.
10
Let l(m) = 4*m + 139. Let c be l(-31). Calculate the remainder when 102 + (-1)/3 + (-70)/c is divided by 27.
16
Calculate the remainder when 678 is divided by 814/3663 - (-1 + (-4046)/18).
0
Let k(b) = 10*b - 10. Let y be k(5). Suppose -10*r + 15*r = y. Calculate the remainder when r is divided by 3.
2
Suppose 25*w - 678 = -378. Let z(y) = y. Let v(t) = -15*t + 1. Let c(p) = v(p) + 4*z(p). What is the remainder when c(-2) is divided by w?
11
Suppose 0 = 15*d + 42 + 33. Calculate the remainder when 187 is divided by (-44)/d*80/32.
11
Let x be 501 + 0 + (11 - 8). Suppose -7*u + x + 49 = 0. What is the remainder when u is divided by 5?
4
Suppose 7265*n - 7251*n - 1722 = 0. What is the remainder when n is divided by 103?
20
Let v = 1417 - 2304. Let y = -584 - v. Calculate the remainder when y is divided by 8.
7
Suppose -2*y = 3*a - 20, -3*a - 3*y = 20 - 41. Suppose -10*d + a*d + 40 = 0. Let c = 24 + -5. What is the remainder when c is divided by d?
9
Suppose 68 = 4*r - 4*m, 30 = 3*r + 5*m - 37. Suppose -t = -96 + 72. Let g = t - 14. What is the remainder when r is divided by g?
9
Let n(v) = -v**3 + 21*v**2 - 59*v + 927. What is the remainder when n(19) is divided by 233?
62
Let j = 34 - 184. Let w = j - -158. What is the remainder when 115 is divided by w?
3
Let d be (8/(-36)*-15)/(1/102). Let c = d + -324. What is the remainder when c is divided by 9?
7
Let w = 2659 - 2638. What is the remainder when 101 is divided by w?
17
Let n be 60/(-16)*(4 - 160/30). Let i(l) = 5*l + 1. Let z be i(1). Suppose 4*q - 12 = 2*m, -n*m + 41 = 3*q + z. What is the remainder when 21 is divided by m?
1
Suppose 4*p - 4 = 0, 5*p + 382 - 114 = r. Suppose -7*j + 282 = -201. What is the remainder when r is divided by j?
66
Let n(d) = -27*d - 2*d**2 - 3 - d**3 + 2*d + 10*d. Calculate the remainder when n(-3) is divided by 21.
9
Let a be -1*(-8)/(-10)*-5. Let d = a + 27. What is the remainder when d is divided by 17?
14
Let o(l) = l**3 + 10*l + 4 + 1 - 11*l**2 + 0. Suppose -196*y = -207*y + 110. Calculate the remainder when 20 is divided by o(y).
0
Let s(v) = -v**2 + 80. Let n be s(0). Let u = n + -39. Let y = 92230 - 92226. What is the remainder when u is divided by y?
1
Let o(k) = k**3 - 8*k**2 + 11*k + 7. Let i be o(6). Let t(b) = 12*b**2 + 3*b - 2. Let d(f) = 5*f - 11. What is the remainder when d(9) is divided by t(i)?
8
What is the remainder when (-15 + 405/(-15))*((-11)/3 - 1) is divided by 27?
7
Suppose 16*x + 309 = 27*x - 153. What is the remainder when x is divided by 29?
13
Suppose -13*o + 370 = 19. Suppose -o*t + 1680 = 8*t. What is the remainder when 383 is divided by t?
47
Let r(c) = -4*c - 169*c**2 + 8 + 88*c**2 + 84*c**2 + 2*c. What is the remainder when r(2) is divided by 3?
1
Suppose 9684*v - 9681*v = 24693. Calculate the remainder when v is divided by 84.
83
What is the remainder when 3999 - (-12 + (-3 - -13)) is divided by 24?
17
Suppose -2 = -2*j + 4. Let s = 58 + -35. Calculate the remainder when s is divided by (j/(-9))/((-2)/54).
5
Let w = 2564 + -2527. Calculate the remainder when w is divided by 9.
1
Let c(x) = 17*x**3 + 19*x**2 + 5*x + 7. Let j(h) = -9*h**3 - 8*h**2 - 2*h - 3. Let q(o) = -3*c(o) - 7*j(o). Calculate the remainder when q(3) is divided by 21.
18
Suppose 0 = 2*n + z - 5, -13 = -n - 6*z + 7*z. What is the remainder when 912 is divided by n?
0
Suppose -4*k = 3*n - 128, 5*k - 2*n + n = 141. Let r be 3/5 + 1044/60 + -17. Suppose -r = -t + k. What is the remainder when t is divided by 16?
14
Let l(w) = 2*w**3 - 2*w**2 - 2*w. Let i(h) = h**2 - 6*h - 2. Let d be i(6). What is the remainder when l(3) is divided by d/(12 - 2) + 243/15?
14
Suppose -4*k + 0 = 16. Let x(r) = -4*r**2 - 2*r**3 - 271 + 531 + 4*r - 267. What is the remainder when x(k) is divided by 6?
5
Let i(u) = 3*u + 5. Let w = 230 + -224. What is the remainder when 65 is divided by i(w)?
19
Let r be ((-14)/28)/(2/(-52)). Let d = r + -17. Let n(h) = -h**2 - 8*h - 2. What is the remainder when 37 is divided by n(d)?
9
Let d = 16910 - 16760. Calculate the remainder when 2979 is divided by d.
129
Let q(n) = n**3 + 31*n**2 - 221*n + 146. Calculate the remainder when 647 is divided by q(-37).
102
Let o(s) = -10*s**2 - 508*s + 123. Let a = 282 - 116. Calculate the remainder when a is divided by o(-51).
19
Suppose 2*n - 31*n + 87324 = -17*n. Calculate the remainder when n is divided by 65.
62
Suppose -t = 5*c, 4*t - 2*c - 62 = -18. Suppose -4*r = r - o - 682, -5*r = 5*o - 700. Calculate the remainder when r is divided by t.
7
Suppose -b = -5, 2*b + 2065 - 2003 = 4*n. What is the remainder when n is divided by 3?
0
Let l = 101 + 3. Suppose 34 = 2*y - l. Let w(f) = -125*f**2 - 1131*f - 29. What is the remainder when y is divided by w(-9)?
19
What is the remainder when -10 - -1 - (-30 - 1542) is divided by 112?
107
Let l = -3655 + 3884. What is the remainder when l is divided by 118?
111
Let f = -16244 - -16364. Calculate the remainder when 255 is divided by f.
15
What is the remainder when 4872/(-18)*(-108)/48 is divided by 198?
15
Suppose -r - 2*k - 13 = -176, 160 = r - k. Calculate the remainder when 500 is divided by r.
17
Let n = -806 - -800. Let i be -3*(-1)/2*-2. Let b = i - n. What is the remainder when 12 is divided by b?
0
Let w(v) = -21*v - 23*v - 7*v**2 - 37*v - 72*v - 30*v - 5. Calculate the remainder when 40 is divided by w(-26).
19
Let v = 10037 + -8507. What is the remainder when v is divided by 26?
22
Let d(f) = -118*f - 428. Suppose -7*w + 0*w + 1519 = 0. What is the remainder when w is divided by d(-4)?
41
Suppose -169*a - 160833 = -163706. Let d(q) = -3*q**3 - 3*q**2 - 5*q - 6. What is the remainder when d(-5) is divided by a?
13
Let u = 139 - -322. Let d = -118 + 211. Calculate the remainder when u is divided by d.
89
Suppose i - 2*b - 20 = 66, 3*i = -4*b + 298. What is the remainder when i is divided by 38?
18
Calculate the remainder when ((-18)/21 - -1) + (-284119)/(-77) - 6 is divided by 18.
12
Suppose 1960*l = 2018*l - 54462. What is the remainder when 1884 is divided by l?
6
What is the remainder when 926 is divided by (-34 - (-1218)/36) + (-2750)/(-12)?
10
Suppose 205*u - 76908 = -27*u + 28*u. Calculate the remainder when u is divided by 79.
61
Let w(a) = 3*a**2 + 82*a + 363. Calculate the remainder when 1342 is divided by w(-23).
62
Suppose -5*r + 2*x - 538 = 0, -x - 152 = 3*r + 173. Calculate the remainder when 12/2*(-720)/r is divided by 31.
9
Let a(i) be the first derivative of -i**2/2 + 32*i - 11. Suppose -b + 5*s = 3, -3*s - 2*s = b - 17. What is the remainder when a(-9) is divided by b?
6
Suppose 0 = 379*u - 337*u - 1050. Let y = -4 + 6. Suppose -y*f - 56 = -152. Calculate the remainder when f is divided by u.
23
Let v(j) = -j**2 + 5*j - 4. Let m be v(5). Calculate the remainder when 325/(-1560)*-468*(-2)/(-3) is divided by